[INFO] cloning repository https://github.com/dpc/mioecho
[INFO] running `Command { std: "git" "-c" "credential.helper=" "-c" "credential.helper=/workspace/cargo-home/bin/git-credential-null" "clone" "--bare" "https://github.com/dpc/mioecho" "/workspace/cache/git-repos/https%3A%2F%2Fgithub.com%2Fdpc%2Fmioecho", kill_on_drop: false }`
[INFO] [stderr] Cloning into bare repository '/workspace/cache/git-repos/https%3A%2F%2Fgithub.com%2Fdpc%2Fmioecho'...
[INFO] running `Command { std: "git" "rev-parse" "HEAD", kill_on_drop: false }`
[INFO] [stdout] ee164facade7662057a29d64ffd45a7f74e7ab3b
[INFO] checking dpc/mioecho against try#72f88fc4e9458f89516a0b8b0868f3718aec5b47 for pr-74989
[INFO] running `Command { std: "git" "clone" "/workspace/cache/git-repos/https%3A%2F%2Fgithub.com%2Fdpc%2Fmioecho" "/workspace/builds/worker-1/source", kill_on_drop: false }`
[INFO] [stderr] Cloning into '/workspace/builds/worker-1/source'...
[INFO] [stderr] done.
[INFO] validating manifest of git repo https://github.com/dpc/mioecho on toolchain 72f88fc4e9458f89516a0b8b0868f3718aec5b47
[INFO] running `Command { std: "/workspace/cargo-home/bin/cargo" "+72f88fc4e9458f89516a0b8b0868f3718aec5b47" "read-manifest" "--manifest-path" "Cargo.toml", kill_on_drop: false }`
[INFO] started tweaking git repo https://github.com/dpc/mioecho
[INFO] finished tweaking git repo https://github.com/dpc/mioecho
[INFO] tweaked toml for git repo https://github.com/dpc/mioecho written to /workspace/builds/worker-1/source/Cargo.toml
[INFO] crate git repo https://github.com/dpc/mioecho already has a lockfile, it will not be regenerated
[INFO] running `Command { std: "/workspace/cargo-home/bin/cargo" "+72f88fc4e9458f89516a0b8b0868f3718aec5b47" "fetch" "--locked" "--manifest-path" "Cargo.toml", kill_on_drop: false }`
[INFO] [stderr]     Blocking waiting for file lock on package cache
[INFO] [stderr] error: the lock file /workspace/builds/worker-1/source/Cargo.lock needs to be updated but --locked was passed to prevent this
[INFO] [stderr] If you want to try to generate the lock file without accessing the network, use the --offline flag.
[INFO] the lockfile is outdated, regenerating it
[INFO] running `Command { std: "/workspace/cargo-home/bin/cargo" "+72f88fc4e9458f89516a0b8b0868f3718aec5b47" "generate-lockfile" "--manifest-path" "Cargo.toml" "-Zno-index-update", kill_on_drop: false }`
[INFO] running `Command { std: "/workspace/cargo-home/bin/cargo" "+72f88fc4e9458f89516a0b8b0868f3718aec5b47" "fetch" "--locked" "--manifest-path" "Cargo.toml", kill_on_drop: false }`
[INFO] running `Command { std: "docker" "create" "-v" "/var/lib/crater-agent-workspace/builds/worker-1/target:/opt/rustwide/target:rw,Z" "-v" "/var/lib/crater-agent-workspace/builds/worker-1/source:/opt/rustwide/workdir:ro,Z" "-v" "/var/lib/crater-agent-workspace/cargo-home:/opt/rustwide/cargo-home:ro,Z" "-v" "/var/lib/crater-agent-workspace/rustup-home:/opt/rustwide/rustup-home:ro,Z" "-e" "SOURCE_DIR=/opt/rustwide/workdir" "-e" "CARGO_TARGET_DIR=/opt/rustwide/target" "-e" "CARGO_HOME=/opt/rustwide/cargo-home" "-e" "RUSTUP_HOME=/opt/rustwide/rustup-home" "-w" "/opt/rustwide/workdir" "-m" "1610612736" "--user" "0:0" "--network" "none" "rustops/crates-build-env@sha256:d92eaeed33fa75130ca1ee6c8a01d1ffb62bac859dfdfb3450e3e5d1c0146529" "/opt/rustwide/cargo-home/bin/cargo" "+72f88fc4e9458f89516a0b8b0868f3718aec5b47" "metadata" "--no-deps" "--format-version=1", kill_on_drop: false }`
[INFO] [stdout] d6f540a5ac46973a010707e54975832a4e471f168997de52cc766ddd4b4768f4
[INFO] [stderr] WARNING: Your kernel does not support swap limit capabilities or the cgroup is not mounted. Memory limited without swap.
[INFO] running `Command { std: "docker" "start" "-a" "d6f540a5ac46973a010707e54975832a4e471f168997de52cc766ddd4b4768f4", kill_on_drop: false }`
[INFO] running `Command { std: "docker" "inspect" "d6f540a5ac46973a010707e54975832a4e471f168997de52cc766ddd4b4768f4", kill_on_drop: false }`
[INFO] running `Command { std: "docker" "rm" "-f" "d6f540a5ac46973a010707e54975832a4e471f168997de52cc766ddd4b4768f4", kill_on_drop: false }`
[INFO] [stdout] d6f540a5ac46973a010707e54975832a4e471f168997de52cc766ddd4b4768f4
[INFO] running `Command { std: "docker" "create" "-v" "/var/lib/crater-agent-workspace/builds/worker-1/target:/opt/rustwide/target:rw,Z" "-v" "/var/lib/crater-agent-workspace/builds/worker-1/source:/opt/rustwide/workdir:ro,Z" "-v" "/var/lib/crater-agent-workspace/cargo-home:/opt/rustwide/cargo-home:ro,Z" "-v" "/var/lib/crater-agent-workspace/rustup-home:/opt/rustwide/rustup-home:ro,Z" "-e" "SOURCE_DIR=/opt/rustwide/workdir" "-e" "CARGO_TARGET_DIR=/opt/rustwide/target" "-e" "CARGO_INCREMENTAL=0" "-e" "RUST_BACKTRACE=full" "-e" "RUSTFLAGS=--cap-lints=forbid" "-e" "CARGO_HOME=/opt/rustwide/cargo-home" "-e" "RUSTUP_HOME=/opt/rustwide/rustup-home" "-w" "/opt/rustwide/workdir" "-m" "1610612736" "--user" "0:0" "--network" "none" "rustops/crates-build-env@sha256:d92eaeed33fa75130ca1ee6c8a01d1ffb62bac859dfdfb3450e3e5d1c0146529" "/opt/rustwide/cargo-home/bin/cargo" "+72f88fc4e9458f89516a0b8b0868f3718aec5b47" "check" "--frozen" "--all" "--all-targets" "--message-format=json", kill_on_drop: false }`
[INFO] [stdout] 4fa3f8cadd83e4ee81b737a68b790828b2073a9fa3581c6bb33700633839fef4
[INFO] [stderr] WARNING: Your kernel does not support swap limit capabilities or the cgroup is not mounted. Memory limited without swap.
[INFO] running `Command { std: "docker" "start" "-a" "4fa3f8cadd83e4ee81b737a68b790828b2073a9fa3581c6bb33700633839fef4", kill_on_drop: false }`
[INFO] [stderr]    Compiling nix v0.18.0
[INFO] [stderr]     Checking bytes v0.5.6
[INFO] [stderr]     Checking mio v0.7.0
[INFO] [stderr]     Checking regex v1.3.9
[INFO] [stderr]     Checking env_logger v0.7.1
[INFO] [stderr]     Checking mioecho v0.1.0 (/opt/rustwide/workdir)
[INFO] [stdout] error[E0432]: unresolved import `mio::tcp`
[INFO] [stdout]  --> src/main.rs:6:10
[INFO] [stdout]   |
[INFO] [stdout] 6 | use mio::tcp::*;
[INFO] [stdout]   |          ^^^ could not find `tcp` in `mio`
[INFO] [stdout] 
[INFO] [stdout] 
[INFO] [stdout] error[E0432]: unresolved imports `bytes::RingBuf`, `bytes::MutBuf`
[INFO] [stdout]  --> src/main.rs:7:13
[INFO] [stdout]   |
[INFO] [stdout] 7 | use bytes::{RingBuf, Buf, MutBuf};
[INFO] [stdout]   |             ^^^^^^^       ^^^^^^ no `MutBuf` in the root
[INFO] [stdout]   |             |
[INFO] [stdout]   |             no `RingBuf` in the root
[INFO] [stdout] 
[INFO] [stdout] 
[INFO] [stdout] error[E0432]: unresolved import `mio::util`
[INFO] [stdout]  --> src/main.rs:8:10
[INFO] [stdout]   |
[INFO] [stdout] 8 | use mio::util::Slab;
[INFO] [stdout]   |          ^^^^ could not find `util` in `mio`
[INFO] [stdout] 
[INFO] [stdout] 
[INFO] [stdout] error[E0432]: unresolved import `mio::tcp`
[INFO] [stdout]  --> src/main.rs:6:10
[INFO] [stdout]   |
[INFO] [stdout] 6 | use mio::tcp::*;
[INFO] [stdout]   |          ^^^ could not find `tcp` in `mio`
[INFO] [stdout] 
[INFO] [stdout] 
[INFO] [stdout] error[E0432]: unresolved imports `bytes::RingBuf`, `bytes::MutBuf`
[INFO] [stdout]  --> src/main.rs:7:13
[INFO] [stdout]   |
[INFO] [stdout] 7 | use bytes::{RingBuf, Buf, MutBuf};
[INFO] [stdout]   |             ^^^^^^^       ^^^^^^ no `MutBuf` in the root
[INFO] [stdout]   |             |
[INFO] [stdout]   |             no `RingBuf` in the root
[INFO] [stdout] 
[INFO] [stdout] 
[INFO] [stdout] error[E0432]: unresolved import `mio::util`
[INFO] [stdout]  --> src/main.rs:8:10
[INFO] [stdout]   |
[INFO] [stdout] 8 | use mio::util::Slab;
[INFO] [stdout]   |          ^^^^ could not find `util` in `mio`
[INFO] [stdout] 
[INFO] [stdout] 
[INFO] [stdout] error[E0433]: failed to resolve: use of undeclared type or module `EventSet`
[INFO] [stdout]   --> src/main.rs:43:23
[INFO] [stdout]    |
[INFO] [stdout] 43 |             interest: EventSet::hup() | EventSet::readable(),
[INFO] [stdout]    |                       ^^^^^^^^ use of undeclared type or module `EventSet`
[INFO] [stdout] 
[INFO] [stdout] 
[INFO] [stdout] error[E0433]: failed to resolve: use of undeclared type or module `EventSet`
[INFO] [stdout]   --> src/main.rs:43:41
[INFO] [stdout]    |
[INFO] [stdout] 43 |             interest: EventSet::hup() | EventSet::readable(),
[INFO] [stdout]    |                                         ^^^^^^^^ use of undeclared type or module `EventSet`
[INFO] [stdout] 
[INFO] [stdout] 
[INFO] [stdout] error[E0433]: failed to resolve: use of undeclared type or module `EventSet`
[INFO] [stdout]   --> src/main.rs:48:26
[INFO] [stdout]    |
[INFO] [stdout] 48 |         self.interest == EventSet::none()
[INFO] [stdout]    |                          ^^^^^^^^ use of undeclared type or module `EventSet`
[INFO] [stdout] 
[INFO] [stdout] 
[INFO] [stdout] error[E0433]: failed to resolve: use of undeclared type or module `EventSet`
[INFO] [stdout]   --> src/main.rs:57:34
[INFO] [stdout]    |
[INFO] [stdout] 57 |             self.interest.insert(EventSet::writable());
[INFO] [stdout]    |                                  ^^^^^^^^ use of undeclared type or module `EventSet`
[INFO] [stdout] 
[INFO] [stdout] 
[INFO] [stdout] error[E0433]: failed to resolve: use of undeclared type or module `EventSet`
[INFO] [stdout]   --> src/main.rs:59:34
[INFO] [stdout]    |
[INFO] [stdout] 59 |             self.interest.remove(EventSet::writable());
[INFO] [stdout]    |                                  ^^^^^^^^ use of undeclared type or module `EventSet`
[INFO] [stdout] 
[INFO] [stdout] 
[INFO] [stdout] error[E0433]: failed to resolve: use of undeclared type or module `EventSet`
[INFO] [stdout]   --> src/main.rs:64:34
[INFO] [stdout]    |
[INFO] [stdout] 64 |             self.interest.insert(EventSet::readable());
[INFO] [stdout]    |                                  ^^^^^^^^ use of undeclared type or module `EventSet`
[INFO] [stdout] 
[INFO] [stdout] 
[INFO] [stdout] error[E0433]: failed to resolve: use of undeclared type or module `EventSet`
[INFO] [stdout]   --> src/main.rs:66:34
[INFO] [stdout]    |
[INFO] [stdout] 66 |             self.interest.remove(EventSet::readable());
[INFO] [stdout]    |                                  ^^^^^^^^ use of undeclared type or module `EventSet`
[INFO] [stdout] 
[INFO] [stdout] 
[INFO] [stdout] error[E0433]: failed to resolve: use of undeclared type or module `PollOpt`
[INFO] [stdout]   --> src/main.rs:71:32
[INFO] [stdout]    |
[INFO] [stdout] 71 |                 self.interest, PollOpt::edge() | PollOpt::oneshot()
[INFO] [stdout]    |                                ^^^^^^^ use of undeclared type or module `PollOpt`
[INFO] [stdout] 
[INFO] [stdout] 
[INFO] [stdout] error[E0433]: failed to resolve: use of undeclared type or module `PollOpt`
[INFO] [stdout]   --> src/main.rs:71:50
[INFO] [stdout]    |
[INFO] [stdout] 71 |                 self.interest, PollOpt::edge() | PollOpt::oneshot()
[INFO] [stdout]    |                                                  ^^^^^^^ use of undeclared type or module `PollOpt`
[INFO] [stdout] 
[INFO] [stdout] 
[INFO] [stdout] error[E0433]: failed to resolve: use of undeclared type or module `EventSet`
[INFO] [stdout]    --> src/main.rs:138:29
[INFO] [stdout]     |
[INFO] [stdout] 138 |         if self.interest == EventSet::hup() {
[INFO] [stdout]     |                             ^^^^^^^^ use of undeclared type or module `EventSet`
[INFO] [stdout] 
[INFO] [stdout] 
[INFO] [stdout] error[E0433]: failed to resolve: use of undeclared type or module `EventSet`
[INFO] [stdout]   --> src/main.rs:43:23
[INFO] [stdout]    |
[INFO] [stdout] 43 |             interest: EventSet::hup() | EventSet::readable(),
[INFO] [stdout]    |                       ^^^^^^^^ use of undeclared type or module `EventSet`
[INFO] [stdout] 
[INFO] [stdout] 
[INFO] [stdout] error[E0433]: failed to resolve: use of undeclared type or module `EventSet`
[INFO] [stdout]   --> src/main.rs:43:41
[INFO] [stdout]    |
[INFO] [stdout] 43 |             interest: EventSet::hup() | EventSet::readable(),
[INFO] [stdout]    |                                         ^^^^^^^^ use of undeclared type or module `EventSet`
[INFO] [stdout] 
[INFO] [stdout] 
[INFO] [stdout] error[E0433]: failed to resolve: use of undeclared type or module `EventSet`
[INFO] [stdout]    --> src/main.rs:139:29
[INFO] [stdout]     |
[INFO] [stdout] 139 |             self.interest = EventSet::none();
[INFO] [stdout]     |                             ^^^^^^^^ use of undeclared type or module `EventSet`
[INFO] [stdout] 
[INFO] [stdout] 
[INFO] [stdout] error[E0433]: failed to resolve: use of undeclared type or module `EventSet`
[INFO] [stdout]   --> src/main.rs:48:26
[INFO] [stdout]    |
[INFO] [stdout] 48 |         self.interest == EventSet::none()
[INFO] [stdout]    |                          ^^^^^^^^ use of undeclared type or module `EventSet`
[INFO] [stdout] 
[INFO] [stdout] 
[INFO] [stdout] error[E0433]: failed to resolve: use of undeclared type or module `EventSet`
[INFO] [stdout]   --> src/main.rs:57:34
[INFO] [stdout]    |
[INFO] [stdout] 57 |             self.interest.insert(EventSet::writable());
[INFO] [stdout]    |                                  ^^^^^^^^ use of undeclared type or module `EventSet`
[INFO] [stdout] 
[INFO] [stdout] 
[INFO] [stdout] error[E0433]: failed to resolve: use of undeclared type or module `EventSet`
[INFO] [stdout]   --> src/main.rs:59:34
[INFO] [stdout]    |
[INFO] [stdout] 59 |             self.interest.remove(EventSet::writable());
[INFO] [stdout]    |                                  ^^^^^^^^ use of undeclared type or module `EventSet`
[INFO] [stdout] 
[INFO] [stdout] 
[INFO] [stdout] error[E0433]: failed to resolve: use of undeclared type or module `EventSet`
[INFO] [stdout]   --> src/main.rs:64:34
[INFO] [stdout]    |
[INFO] [stdout] 64 |             self.interest.insert(EventSet::readable());
[INFO] [stdout]    |                                  ^^^^^^^^ use of undeclared type or module `EventSet`
[INFO] [stdout] 
[INFO] [stdout] 
[INFO] [stdout] error[E0433]: failed to resolve: use of undeclared type or module `EventLoopConfig`
[INFO] [stdout]    --> src/main.rs:172:22
[INFO] [stdout]     |
[INFO] [stdout] 172 |         let config = EventLoopConfig::new();
[INFO] [stdout]     |                      ^^^^^^^^^^^^^^^ use of undeclared type or module `EventLoopConfig`
[INFO] [stdout] 
[INFO] [stdout] 
[INFO] [stdout] error[E0433]: failed to resolve: use of undeclared type or module `EventSet`
[INFO] [stdout]   --> src/main.rs:66:34
[INFO] [stdout]    |
[INFO] [stdout] 66 |             self.interest.remove(EventSet::readable());
[INFO] [stdout]    |                                  ^^^^^^^^ use of undeclared type or module `EventSet`
[INFO] [stdout] 
[INFO] [stdout] 
[INFO] [stdout] error[E0433]: failed to resolve: use of undeclared type or module `EventLoop`
[INFO] [stdout]    --> src/main.rs:173:52
[INFO] [stdout]     |
[INFO] [stdout] 173 |         let mut ev_loop : EventLoop<Server> = try!(EventLoop::configured(config));
[INFO] [stdout]     |                                                    ^^^^^^^^^ use of undeclared type or module `EventLoop`
[INFO] [stdout] 
[INFO] [stdout] 
[INFO] [stdout] error[E0433]: failed to resolve: use of undeclared type or module `EventSet`
[INFO] [stdout]    --> src/main.rs:175:46
[INFO] [stdout]     |
[INFO] [stdout] 175 |         try!(ev_loop.register(&sock, SERVER, EventSet::readable(), PollOpt::edge()));
[INFO] [stdout]     |                                              ^^^^^^^^ use of undeclared type or module `EventSet`
[INFO] [stdout] 
[INFO] [stdout] 
[INFO] [stdout] error[E0433]: failed to resolve: use of undeclared type or module `PollOpt`
[INFO] [stdout]   --> src/main.rs:71:32
[INFO] [stdout]    |
[INFO] [stdout] 71 |                 self.interest, PollOpt::edge() | PollOpt::oneshot()
[INFO] [stdout]    |                                ^^^^^^^ use of undeclared type or module `PollOpt`
[INFO] [stdout] 
[INFO] [stdout] 
[INFO] [stdout] error[E0433]: failed to resolve: use of undeclared type or module `PollOpt`
[INFO] [stdout]    --> src/main.rs:175:68
[INFO] [stdout]     |
[INFO] [stdout] 175 |         try!(ev_loop.register(&sock, SERVER, EventSet::readable(), PollOpt::edge()));
[INFO] [stdout]     |                                                                    ^^^^^^^ use of undeclared type or module `PollOpt`
[INFO] [stdout] 
[INFO] [stdout] 
[INFO] [stdout] error[E0433]: failed to resolve: use of undeclared type or module `PollOpt`
[INFO] [stdout]   --> src/main.rs:71:50
[INFO] [stdout]    |
[INFO] [stdout] 71 |                 self.interest, PollOpt::edge() | PollOpt::oneshot()
[INFO] [stdout]    |                                                  ^^^^^^^ use of undeclared type or module `PollOpt`
[INFO] [stdout] 
[INFO] [stdout] 
[INFO] [stdout] error[E0433]: failed to resolve: use of undeclared type or module `EventSet`
[INFO] [stdout]    --> src/main.rs:206:49
[INFO] [stdout]     |
[INFO] [stdout] 206 |                     &self.conns[tok].sock, tok, EventSet::readable() , PollOpt::edge() | PollOpt::oneshot())
[INFO] [stdout]     |                                                 ^^^^^^^^ use of undeclared type or module `EventSet`
[INFO] [stdout] 
[INFO] [stdout] 
[INFO] [stdout] error[E0433]: failed to resolve: use of undeclared type or module `EventSet`
[INFO] [stdout]    --> src/main.rs:138:29
[INFO] [stdout]     |
[INFO] [stdout] 138 |         if self.interest == EventSet::hup() {
[INFO] [stdout]     |                             ^^^^^^^^ use of undeclared type or module `EventSet`
[INFO] [stdout] 
[INFO] [stdout] 
[INFO] [stdout] error[E0433]: failed to resolve: use of undeclared type or module `PollOpt`
[INFO] [stdout]    --> src/main.rs:206:72
[INFO] [stdout]     |
[INFO] [stdout] 206 |                     &self.conns[tok].sock, tok, EventSet::readable() , PollOpt::edge() | PollOpt::oneshot())
[INFO] [stdout]     |                                                                        ^^^^^^^ use of undeclared type or module `PollOpt`
[INFO] [stdout] 
[INFO] [stdout] 
[INFO] [stdout] error[E0433]: failed to resolve: use of undeclared type or module `PollOpt`
[INFO] [stdout]    --> src/main.rs:206:90
[INFO] [stdout]     |
[INFO] [stdout] 206 |                     &self.conns[tok].sock, tok, EventSet::readable() , PollOpt::edge() | PollOpt::oneshot())
[INFO] [stdout]     |                                                                                          ^^^^^^^ use of undeclared type or module `PollOpt`
[INFO] [stdout] 
[INFO] [stdout] 
[INFO] [stdout] error[E0433]: failed to resolve: use of undeclared type or module `EventSet`
[INFO] [stdout]    --> src/main.rs:139:29
[INFO] [stdout]     |
[INFO] [stdout] 139 |             self.interest = EventSet::none();
[INFO] [stdout]     |                             ^^^^^^^^ use of undeclared type or module `EventSet`
[INFO] [stdout] 
[INFO] [stdout] 
[INFO] [stdout] error[E0433]: failed to resolve: use of undeclared type or module `EventLoopConfig`
[INFO] [stdout]    --> src/main.rs:172:22
[INFO] [stdout]     |
[INFO] [stdout] 172 |         let config = EventLoopConfig::new();
[INFO] [stdout]     |                      ^^^^^^^^^^^^^^^ use of undeclared type or module `EventLoopConfig`
[INFO] [stdout] 
[INFO] [stdout] 
[INFO] [stdout] error[E0433]: failed to resolve: use of undeclared type or module `EventLoop`
[INFO] [stdout]    --> src/main.rs:173:52
[INFO] [stdout]     |
[INFO] [stdout] 173 |         let mut ev_loop : EventLoop<Server> = try!(EventLoop::configured(config));
[INFO] [stdout]     |                                                    ^^^^^^^^^ use of undeclared type or module `EventLoop`
[INFO] [stdout] 
[INFO] [stdout] 
[INFO] [stdout] error[E0433]: failed to resolve: use of undeclared type or module `EventSet`
[INFO] [stdout]    --> src/main.rs:175:46
[INFO] [stdout]     |
[INFO] [stdout] 175 |         try!(ev_loop.register(&sock, SERVER, EventSet::readable(), PollOpt::edge()));
[INFO] [stdout]     |                                              ^^^^^^^^ use of undeclared type or module `EventSet`
[INFO] [stdout] 
[INFO] [stdout] 
[INFO] [stdout] error[E0412]: cannot find type `TcpStream` in this scope
[INFO] [stdout]   --> src/main.rs:29:11
[INFO] [stdout]    |
[INFO] [stdout] 29 |     sock: TcpStream,
[INFO] [stdout]    |           ^^^^^^^^^ not found in this scope
[INFO] [stdout]    |
[INFO] [stdout] help: consider importing this struct
[INFO] [stdout]    |
[INFO] [stdout] 5  | use std::net::TcpStream;
[INFO] [stdout]    |
[INFO] [stdout] 
[INFO] [stdout] 
[INFO] [stdout] error[E0412]: cannot find type `EventSet` in this scope
[INFO] [stdout]   --> src/main.rs:33:15
[INFO] [stdout]    |
[INFO] [stdout] 33 |     interest: EventSet,
[INFO] [stdout]    |               ^^^^^^^^ not found in this scope
[INFO] [stdout] 
[INFO] [stdout] 
[INFO] [stdout] error[E0412]: cannot find type `TcpStream` in this scope
[INFO] [stdout]   --> src/main.rs:37:18
[INFO] [stdout]    |
[INFO] [stdout] 37 |     fn new(sock: TcpStream) -> Connection {
[INFO] [stdout]    |                  ^^^^^^^^^ not found in this scope
[INFO] [stdout]    |
[INFO] [stdout] help: consider importing this struct
[INFO] [stdout]    |
[INFO] [stdout] 5  | use std::net::TcpStream;
[INFO] [stdout]    |
[INFO] [stdout] 
[INFO] [stdout] 
[INFO] [stdout] error[E0412]: cannot find type `EventLoop` in this scope
[INFO] [stdout]   --> src/main.rs:52:36
[INFO] [stdout]    |
[INFO] [stdout] 52 |                   event_loop: &mut EventLoop<Server>,
[INFO] [stdout]    |                                    ^^^^^^^^^ not found in this scope
[INFO] [stdout] 
[INFO] [stdout] 
[INFO] [stdout] error[E0433]: failed to resolve: use of undeclared type or module `PollOpt`
[INFO] [stdout]    --> src/main.rs:175:68
[INFO] [stdout]     |
[INFO] [stdout] 175 |         try!(ev_loop.register(&sock, SERVER, EventSet::readable(), PollOpt::edge()));
[INFO] [stdout]     |                                                                    ^^^^^^^ use of undeclared type or module `PollOpt`
[INFO] [stdout] 
[INFO] [stdout] 
[INFO] [stdout] error[E0412]: cannot find type `EventLoop` in this scope
[INFO] [stdout]   --> src/main.rs:76:34
[INFO] [stdout]    |
[INFO] [stdout] 76 |                 event_loop: &mut EventLoop<Server>,
[INFO] [stdout]    |                                  ^^^^^^^^^ not found in this scope
[INFO] [stdout] 
[INFO] [stdout] 
[INFO] [stdout] error[E0412]: cannot find type `EventLoop` in this scope
[INFO] [stdout]    --> src/main.rs:107:34
[INFO] [stdout]     |
[INFO] [stdout] 107 |                 event_loop: &mut EventLoop<Server>,
[INFO] [stdout]     |                                  ^^^^^^^^^ not found in this scope
[INFO] [stdout] 
[INFO] [stdout] 
[INFO] [stdout] error[E0412]: cannot find type `EventLoop` in this scope
[INFO] [stdout]    --> src/main.rs:136:29
[INFO] [stdout]     |
[INFO] [stdout] 136 |            event_loop: &mut EventLoop<Server>,
[INFO] [stdout]     |                             ^^^^^^^^^ not found in this scope
[INFO] [stdout] 
[INFO] [stdout] 
[INFO] [stdout] error[E0412]: cannot find type `TcpStream` in this scope
[INFO] [stdout]    --> src/main.rs:155:36
[INFO] [stdout]     |
[INFO] [stdout] 155 |         try!((&self.sock as *const TcpStream).fmt(fmt));
[INFO] [stdout]     |                                    ^^^^^^^^^ not found in this scope
[INFO] [stdout]     |
[INFO] [stdout] help: consider importing this struct
[INFO] [stdout]     |
[INFO] [stdout] 5   | use std::net::TcpStream;
[INFO] [stdout]     |
[INFO] [stdout] 
[INFO] [stdout] 
[INFO] [stdout] error[E0412]: cannot find type `TcpListener` in this scope
[INFO] [stdout]    --> src/main.rs:162:11
[INFO] [stdout]     |
[INFO] [stdout] 162 |     sock: TcpListener,
[INFO] [stdout]     |           ^^^^^^^^^^^ not found in this scope
[INFO] [stdout]     |
[INFO] [stdout] help: consider importing this struct
[INFO] [stdout]     |
[INFO] [stdout] 5   | use std::net::TcpListener;
[INFO] [stdout]     |
[INFO] [stdout] 
[INFO] [stdout] 
[INFO] [stdout] error[E0433]: failed to resolve: use of undeclared type or module `EventSet`
[INFO] [stdout]    --> src/main.rs:206:49
[INFO] [stdout]     |
[INFO] [stdout] 206 |                     &self.conns[tok].sock, tok, EventSet::readable() , PollOpt::edge() | PollOpt::oneshot())
[INFO] [stdout]     |                                                 ^^^^^^^^ use of undeclared type or module `EventSet`
[INFO] [stdout] 
[INFO] [stdout] 
[INFO] [stdout] error[E0412]: cannot find type `EventLoop` in this scope
[INFO] [stdout]    --> src/main.rs:168:54
[INFO] [stdout]     |
[INFO] [stdout] 168 |     fn new(addr : SocketAddr) -> io::Result<(Server, EventLoop<Server>)> {
[INFO] [stdout]     |                                                      ^^^^^^^^^ not found in this scope
[INFO] [stdout] 
[INFO] [stdout] 
[INFO] [stdout] error[E0433]: failed to resolve: use of undeclared type or module `TcpListener`
[INFO] [stdout]    --> src/main.rs:170:25
[INFO] [stdout]     |
[INFO] [stdout] 170 |         let sock = try!(TcpListener::bind(&addr));
[INFO] [stdout]     |                         ^^^^^^^^^^^ not found in this scope
[INFO] [stdout]     |
[INFO] [stdout] help: consider importing this struct
[INFO] [stdout]     |
[INFO] [stdout] 5   | use std::net::TcpListener;
[INFO] [stdout]     |
[INFO] [stdout] 
[INFO] [stdout] 
[INFO] [stdout] error[E0433]: failed to resolve: use of undeclared type or module `PollOpt`
[INFO] [stdout]    --> src/main.rs:206:72
[INFO] [stdout]     |
[INFO] [stdout] 206 |                     &self.conns[tok].sock, tok, EventSet::readable() , PollOpt::edge() | PollOpt::oneshot())
[INFO] [stdout]     |                                                                        ^^^^^^^ use of undeclared type or module `PollOpt`
[INFO] [stdout] 
[INFO] [stdout] 
[INFO] [stdout] error[E0412]: cannot find type `EventLoop` in this scope
[INFO] [stdout]    --> src/main.rs:173:27
[INFO] [stdout]     |
[INFO] [stdout] 173 |         let mut ev_loop : EventLoop<Server> = try!(EventLoop::configured(config));
[INFO] [stdout]     |                           ^^^^^^^^^ not found in this scope
[INFO] [stdout] 
[INFO] [stdout] 
[INFO] [stdout] error[E0412]: cannot find type `EventLoop` in this scope
[INFO] [stdout]    --> src/main.rs:183:43
[INFO] [stdout]     |
[INFO] [stdout] 183 |     fn accept(&mut self, event_loop: &mut EventLoop<Server>) -> io::Result<()> {
[INFO] [stdout]     |                                           ^^^^^^^^^ not found in this scope
[INFO] [stdout] 
[INFO] [stdout] 
[INFO] [stdout] error[E0412]: cannot find type `EventLoop` in this scope
[INFO] [stdout]    --> src/main.rs:219:50
[INFO] [stdout]     |
[INFO] [stdout] 219 |     fn conn_readable(&mut self, event_loop: &mut EventLoop<Server>, tok: Token) -> io::Result<()> {
[INFO] [stdout]     |                                                  ^^^^^^^^^ not found in this scope
[INFO] [stdout] 
[INFO] [stdout] 
[INFO] [stdout] error[E0433]: failed to resolve: use of undeclared type or module `PollOpt`
[INFO] [stdout]    --> src/main.rs:206:90
[INFO] [stdout]     |
[INFO] [stdout] 206 |                     &self.conns[tok].sock, tok, EventSet::readable() , PollOpt::edge() | PollOpt::oneshot())
[INFO] [stdout]     |                                                                                          ^^^^^^^ use of undeclared type or module `PollOpt`
[INFO] [stdout] 
[INFO] [stdout] 
[INFO] [stdout] error[E0412]: cannot find type `EventLoop` in this scope
[INFO] [stdout]    --> src/main.rs:229:50
[INFO] [stdout]     |
[INFO] [stdout] 229 |     fn conn_writable(&mut self, event_loop: &mut EventLoop<Server>, tok: Token) -> io::Result<()> {
[INFO] [stdout]     |                                                  ^^^^^^^^^ not found in this scope
[INFO] [stdout] 
[INFO] [stdout] 
[INFO] [stdout] error[E0412]: cannot find type `EventLoop` in this scope
[INFO] [stdout]    --> src/main.rs:239:45
[INFO] [stdout]     |
[INFO] [stdout] 239 |     fn conn_hup(&mut self, event_loop: &mut EventLoop<Server>, tok: Token) -> io::Result<()> {
[INFO] [stdout]     |                                             ^^^^^^^^^ not found in this scope
[INFO] [stdout] 
[INFO] [stdout] 
[INFO] [stdout] error[E0405]: cannot find trait `Handler` in this scope
[INFO] [stdout]    --> src/main.rs:254:6
[INFO] [stdout]     |
[INFO] [stdout] 254 | impl Handler for Server {
[INFO] [stdout]     |      ^^^^^^^ not found in this scope
[INFO] [stdout] 
[INFO] [stdout] 
[INFO] [stdout] error[E0412]: cannot find type `EventLoop` in this scope
[INFO] [stdout]    --> src/main.rs:258:42
[INFO] [stdout]     |
[INFO] [stdout] 258 |     fn ready(&mut self, event_loop: &mut EventLoop<Server>, token: Token, events: EventSet) {
[INFO] [stdout]     |                                          ^^^^^^^^^ not found in this scope
[INFO] [stdout] 
[INFO] [stdout] 
[INFO] [stdout] error[E0412]: cannot find type `EventSet` in this scope
[INFO] [stdout]    --> src/main.rs:258:83
[INFO] [stdout]     |
[INFO] [stdout] 258 |     fn ready(&mut self, event_loop: &mut EventLoop<Server>, token: Token, events: EventSet) {
[INFO] [stdout]     |                                                                                   ^^^^^^^^ not found in this scope
[INFO] [stdout] 
[INFO] [stdout] 
[INFO] [stdout] warning: use of deprecated macro `try`: use the `?` operator instead
[INFO] [stdout]    --> src/main.rs:140:13
[INFO] [stdout]     |
[INFO] [stdout] 140 |             try!(event_loop.deregister(&self.sock));
[INFO] [stdout]     |             ^^^
[INFO] [stdout]     |
[INFO] [stdout]     = note: `#[warn(deprecated)]` on by default
[INFO] [stdout] 
[INFO] [stdout] 
[INFO] [stdout] warning: use of deprecated macro `try`: use the `?` operator instead
[INFO] [stdout]    --> src/main.rs:153:9
[INFO] [stdout]     |
[INFO] [stdout] 153 |         try!(self.token.fmt(fmt));
[INFO] [stdout]     |         ^^^
[INFO] [stdout] 
[INFO] [stdout] 
[INFO] [stdout] warning: use of deprecated macro `try`: use the `?` operator instead
[INFO] [stdout]    --> src/main.rs:154:9
[INFO] [stdout]     |
[INFO] [stdout] 154 |         try!(<Display>::fmt(&", ", fmt));
[INFO] [stdout]     |         ^^^
[INFO] [stdout] 
[INFO] [stdout] 
[INFO] [stdout] warning: use of deprecated macro `try`: use the `?` operator instead
[INFO] [stdout]    --> src/main.rs:155:9
[INFO] [stdout]     |
[INFO] [stdout] 155 |         try!((&self.sock as *const TcpStream).fmt(fmt));
[INFO] [stdout]     |         ^^^
[INFO] [stdout] 
[INFO] [stdout] 
[INFO] [stdout] warning: use of deprecated macro `try`: use the `?` operator instead
[INFO] [stdout]    --> src/main.rs:156:9
[INFO] [stdout]     |
[INFO] [stdout] 156 |         try!(<Display>::fmt(&", ", fmt));
[INFO] [stdout]     |         ^^^
[INFO] [stdout] 
[INFO] [stdout] 
[INFO] [stdout] warning: use of deprecated macro `try`: use the `?` operator instead
[INFO] [stdout]    --> src/main.rs:170:20
[INFO] [stdout]     |
[INFO] [stdout] 170 |         let sock = try!(TcpListener::bind(&addr));
[INFO] [stdout]     |                    ^^^
[INFO] [stdout] 
[INFO] [stdout] 
[INFO] [stdout] warning: use of deprecated macro `try`: use the `?` operator instead
[INFO] [stdout]    --> src/main.rs:173:47
[INFO] [stdout]     |
[INFO] [stdout] 173 |         let mut ev_loop : EventLoop<Server> = try!(EventLoop::configured(config));
[INFO] [stdout]     |                                               ^^^
[INFO] [stdout] 
[INFO] [stdout] 
[INFO] [stdout] warning: use of deprecated macro `try`: use the `?` operator instead
[INFO] [stdout]    --> src/main.rs:175:9
[INFO] [stdout]     |
[INFO] [stdout] 175 |         try!(ev_loop.register(&sock, SERVER, EventSet::readable(), PollOpt::edge()));
[INFO] [stdout]     |         ^^^
[INFO] [stdout] 
[INFO] [stdout] 
[INFO] [stdout] warning: use of deprecated macro `try`: use the `?` operator instead
[INFO] [stdout]    --> src/main.rs:186:39
[INFO] [stdout]     |
[INFO] [stdout] 186 |             let (sock, _addr) = match try!(self.sock.accept()) {
[INFO] [stdout]     |                                       ^^^
[INFO] [stdout] 
[INFO] [stdout] 
[INFO] [stdout] warning: use of deprecated macro `try`: use the `?` operator instead
[INFO] [stdout]    --> src/main.rs:205:13
[INFO] [stdout]     |
[INFO] [stdout] 205 |             try!(event_loop.register(
[INFO] [stdout]     |             ^^^
[INFO] [stdout] 
[INFO] [stdout] 
[INFO] [stdout] warning: trait objects without an explicit `dyn` are deprecated
[INFO] [stdout]    --> src/main.rs:154:15
[INFO] [stdout]     |
[INFO] [stdout] 154 |         try!(<Display>::fmt(&", ", fmt));
[INFO] [stdout]     |               ^^^^^^^ help: use `dyn`: `dyn Display`
[INFO] [stdout]     |
[INFO] [stdout]     = note: `#[warn(bare_trait_objects)]` on by default
[INFO] [stdout] 
[INFO] [stdout] 
[INFO] [stdout] warning: trait objects without an explicit `dyn` are deprecated
[INFO] [stdout]    --> src/main.rs:156:15
[INFO] [stdout]     |
[INFO] [stdout] 156 |         try!(<Display>::fmt(&", ", fmt));
[INFO] [stdout]     |               ^^^^^^^ help: use `dyn`: `dyn Display`
[INFO] [stdout] 
[INFO] [stdout] 
[INFO] [stdout] error[E0412]: cannot find type `TcpStream` in this scope
[INFO] [stdout]   --> src/main.rs:29:11
[INFO] [stdout]    |
[INFO] [stdout] 29 |     sock: TcpStream,
[INFO] [stdout]    |           ^^^^^^^^^ not found in this scope
[INFO] [stdout]    |
[INFO] [stdout] help: consider importing this struct
[INFO] [stdout]    |
[INFO] [stdout] 5  | use std::net::TcpStream;
[INFO] [stdout]    |
[INFO] [stdout] 
[INFO] [stdout] 
[INFO] [stdout] error[E0412]: cannot find type `EventSet` in this scope
[INFO] [stdout]   --> src/main.rs:33:15
[INFO] [stdout]    |
[INFO] [stdout] 33 |     interest: EventSet,
[INFO] [stdout]    |               ^^^^^^^^ not found in this scope
[INFO] [stdout] 
[INFO] [stdout] 
[INFO] [stdout] error[E0412]: cannot find type `TcpStream` in this scope
[INFO] [stdout]   --> src/main.rs:37:18
[INFO] [stdout]    |
[INFO] [stdout] 37 |     fn new(sock: TcpStream) -> Connection {
[INFO] [stdout]    |                  ^^^^^^^^^ not found in this scope
[INFO] [stdout]    |
[INFO] [stdout] help: consider importing this struct
[INFO] [stdout]    |
[INFO] [stdout] 5  | use std::net::TcpStream;
[INFO] [stdout]    |
[INFO] [stdout] 
[INFO] [stdout] 
[INFO] [stdout] error[E0412]: cannot find type `EventLoop` in this scope
[INFO] [stdout]   --> src/main.rs:52:36
[INFO] [stdout]    |
[INFO] [stdout] 52 |                   event_loop: &mut EventLoop<Server>,
[INFO] [stdout]    |                                    ^^^^^^^^^ not found in this scope
[INFO] [stdout] 
[INFO] [stdout] 
[INFO] [stdout] error[E0412]: cannot find type `EventLoop` in this scope
[INFO] [stdout]   --> src/main.rs:76:34
[INFO] [stdout]    |
[INFO] [stdout] 76 |                 event_loop: &mut EventLoop<Server>,
[INFO] [stdout]    |                                  ^^^^^^^^^ not found in this scope
[INFO] [stdout] 
[INFO] [stdout] 
[INFO] [stdout] error[E0412]: cannot find type `EventLoop` in this scope
[INFO] [stdout]    --> src/main.rs:107:34
[INFO] [stdout]     |
[INFO] [stdout] 107 |                 event_loop: &mut EventLoop<Server>,
[INFO] [stdout]     |                                  ^^^^^^^^^ not found in this scope
[INFO] [stdout] 
[INFO] [stdout] 
[INFO] [stdout] error[E0412]: cannot find type `EventLoop` in this scope
[INFO] [stdout]    --> src/main.rs:136:29
[INFO] [stdout]     |
[INFO] [stdout] 136 |            event_loop: &mut EventLoop<Server>,
[INFO] [stdout]     |                             ^^^^^^^^^ not found in this scope
[INFO] [stdout] 
[INFO] [stdout] 
[INFO] [stdout] error[E0412]: cannot find type `TcpStream` in this scope
[INFO] [stdout]    --> src/main.rs:155:36
[INFO] [stdout]     |
[INFO] [stdout] 155 |         try!((&self.sock as *const TcpStream).fmt(fmt));
[INFO] [stdout]     |                                    ^^^^^^^^^ not found in this scope
[INFO] [stdout]     |
[INFO] [stdout] help: consider importing this struct
[INFO] [stdout]     |
[INFO] [stdout] 5   | use std::net::TcpStream;
[INFO] [stdout]     |
[INFO] [stdout] 
[INFO] [stdout] 
[INFO] [stdout] error[E0412]: cannot find type `TcpListener` in this scope
[INFO] [stdout]    --> src/main.rs:162:11
[INFO] [stdout]     |
[INFO] [stdout] 162 |     sock: TcpListener,
[INFO] [stdout]     |           ^^^^^^^^^^^ not found in this scope
[INFO] [stdout]     |
[INFO] [stdout] help: consider importing this struct
[INFO] [stdout]     |
[INFO] [stdout] 5   | use std::net::TcpListener;
[INFO] [stdout]     |
[INFO] [stdout] 
[INFO] [stdout] 
[INFO] [stdout] error[E0412]: cannot find type `EventLoop` in this scope
[INFO] [stdout]    --> src/main.rs:168:54
[INFO] [stdout]     |
[INFO] [stdout] 168 |     fn new(addr : SocketAddr) -> io::Result<(Server, EventLoop<Server>)> {
[INFO] [stdout]     |                                                      ^^^^^^^^^ not found in this scope
[INFO] [stdout] 
[INFO] [stdout] 
[INFO] [stdout] error[E0433]: failed to resolve: use of undeclared type or module `TcpListener`
[INFO] [stdout]    --> src/main.rs:170:25
[INFO] [stdout]     |
[INFO] [stdout] 170 |         let sock = try!(TcpListener::bind(&addr));
[INFO] [stdout]     |                         ^^^^^^^^^^^ not found in this scope
[INFO] [stdout]     |
[INFO] [stdout] help: consider importing this struct
[INFO] [stdout]     |
[INFO] [stdout] 5   | use std::net::TcpListener;
[INFO] [stdout]     |
[INFO] [stdout] 
[INFO] [stdout] 
[INFO] [stdout] error[E0412]: cannot find type `EventLoop` in this scope
[INFO] [stdout]    --> src/main.rs:173:27
[INFO] [stdout]     |
[INFO] [stdout] 173 |         let mut ev_loop : EventLoop<Server> = try!(EventLoop::configured(config));
[INFO] [stdout]     |                           ^^^^^^^^^ not found in this scope
[INFO] [stdout] 
[INFO] [stdout] 
[INFO] [stdout] error[E0412]: cannot find type `EventLoop` in this scope
[INFO] [stdout]    --> src/main.rs:183:43
[INFO] [stdout]     |
[INFO] [stdout] 183 |     fn accept(&mut self, event_loop: &mut EventLoop<Server>) -> io::Result<()> {
[INFO] [stdout]     |                                           ^^^^^^^^^ not found in this scope
[INFO] [stdout] 
[INFO] [stdout] 
[INFO] [stdout] error[E0412]: cannot find type `EventLoop` in this scope
[INFO] [stdout]    --> src/main.rs:219:50
[INFO] [stdout]     |
[INFO] [stdout] 219 |     fn conn_readable(&mut self, event_loop: &mut EventLoop<Server>, tok: Token) -> io::Result<()> {
[INFO] [stdout]     |                                                  ^^^^^^^^^ not found in this scope
[INFO] [stdout] 
[INFO] [stdout] 
[INFO] [stdout] error[E0412]: cannot find type `EventLoop` in this scope
[INFO] [stdout]    --> src/main.rs:229:50
[INFO] [stdout]     |
[INFO] [stdout] 229 |     fn conn_writable(&mut self, event_loop: &mut EventLoop<Server>, tok: Token) -> io::Result<()> {
[INFO] [stdout]     |                                                  ^^^^^^^^^ not found in this scope
[INFO] [stdout] 
[INFO] [stdout] 
[INFO] [stdout] error[E0412]: cannot find type `EventLoop` in this scope
[INFO] [stdout]    --> src/main.rs:239:45
[INFO] [stdout]     |
[INFO] [stdout] 239 |     fn conn_hup(&mut self, event_loop: &mut EventLoop<Server>, tok: Token) -> io::Result<()> {
[INFO] [stdout]     |                                             ^^^^^^^^^ not found in this scope
[INFO] [stdout] 
[INFO] [stdout] 
[INFO] [stdout] error[E0405]: cannot find trait `Handler` in this scope
[INFO] [stdout]    --> src/main.rs:254:6
[INFO] [stdout]     |
[INFO] [stdout] 254 | impl Handler for Server {
[INFO] [stdout]     |      ^^^^^^^ not found in this scope
[INFO] [stdout] 
[INFO] [stdout] 
[INFO] [stdout] error[E0412]: cannot find type `EventLoop` in this scope
[INFO] [stdout]    --> src/main.rs:258:42
[INFO] [stdout]     |
[INFO] [stdout] 258 |     fn ready(&mut self, event_loop: &mut EventLoop<Server>, token: Token, events: EventSet) {
[INFO] [stdout]     |                                          ^^^^^^^^^ not found in this scope
[INFO] [stdout] 
[INFO] [stdout] 
[INFO] [stdout] error: aborting due to 40 previous errors; 12 warnings emitted
[INFO] [stdout] 
[INFO] [stdout] 
[INFO] [stdout] Some errors have detailed explanations: E0405, E0412, E0432, E0433.
[INFO] [stdout] 
[INFO] [stdout] For more information about an error, try `rustc --explain E0405`.
[INFO] [stdout] 
[INFO] [stdout] error[E0412]: cannot find type `EventSet` in this scope
[INFO] [stdout]    --> src/main.rs:258:83
[INFO] [stdout]     |
[INFO] [stdout] 258 |     fn ready(&mut self, event_loop: &mut EventLoop<Server>, token: Token, events: EventSet) {
[INFO] [stdout]     |                                                                                   ^^^^^^^^ not found in this scope
[INFO] [stdout] 
[INFO] [stdout] 
[INFO] [stdout] warning: use of deprecated macro `try`: use the `?` operator instead
[INFO] [stdout]    --> src/main.rs:140:13
[INFO] [stdout]     |
[INFO] [stdout] 140 |             try!(event_loop.deregister(&self.sock));
[INFO] [stdout]     |             ^^^
[INFO] [stdout]     |
[INFO] [stdout]     = note: `#[warn(deprecated)]` on by default
[INFO] [stdout] 
[INFO] [stdout] 
[INFO] [stdout] warning: use of deprecated macro `try`: use the `?` operator instead
[INFO] [stdout]    --> src/main.rs:153:9
[INFO] [stdout]     |
[INFO] [stdout] 153 |         try!(self.token.fmt(fmt));
[INFO] [stdout]     |         ^^^
[INFO] [stdout] 
[INFO] [stdout] 
[INFO] [stdout] warning: use of deprecated macro `try`: use the `?` operator instead
[INFO] [stdout]    --> src/main.rs:154:9
[INFO] [stdout]     |
[INFO] [stdout] 154 |         try!(<Display>::fmt(&", ", fmt));
[INFO] [stdout]     |         ^^^
[INFO] [stdout] 
[INFO] [stdout] 
[INFO] [stdout] warning: use of deprecated macro `try`: use the `?` operator instead
[INFO] [stdout]    --> src/main.rs:155:9
[INFO] [stdout]     |
[INFO] [stdout] 155 |         try!((&self.sock as *const TcpStream).fmt(fmt));
[INFO] [stdout]     |         ^^^
[INFO] [stdout] 
[INFO] [stdout] 
[INFO] [stdout] warning: use of deprecated macro `try`: use the `?` operator instead
[INFO] [stdout]    --> src/main.rs:156:9
[INFO] [stdout]     |
[INFO] [stdout] 156 |         try!(<Display>::fmt(&", ", fmt));
[INFO] [stdout]     |         ^^^
[INFO] [stdout] 
[INFO] [stdout] 
[INFO] [stdout] warning: use of deprecated macro `try`: use the `?` operator instead
[INFO] [stdout]    --> src/main.rs:170:20
[INFO] [stdout]     |
[INFO] [stdout] 170 |         let sock = try!(TcpListener::bind(&addr));
[INFO] [stdout]     |                    ^^^
[INFO] [stdout] 
[INFO] [stdout] 
[INFO] [stdout] warning: use of deprecated macro `try`: use the `?` operator instead
[INFO] [stdout]    --> src/main.rs:173:47
[INFO] [stdout]     |
[INFO] [stdout] 173 |         let mut ev_loop : EventLoop<Server> = try!(EventLoop::configured(config));
[INFO] [stdout]     |                                               ^^^
[INFO] [stdout] 
[INFO] [stdout] 
[INFO] [stdout] warning: use of deprecated macro `try`: use the `?` operator instead
[INFO] [stdout]    --> src/main.rs:175:9
[INFO] [stdout]     |
[INFO] [stdout] 175 |         try!(ev_loop.register(&sock, SERVER, EventSet::readable(), PollOpt::edge()));
[INFO] [stdout]     |         ^^^
[INFO] [stdout] 
[INFO] [stdout] 
[INFO] [stdout] warning: use of deprecated macro `try`: use the `?` operator instead
[INFO] [stdout]    --> src/main.rs:186:39
[INFO] [stdout]     |
[INFO] [stdout] 186 |             let (sock, _addr) = match try!(self.sock.accept()) {
[INFO] [stdout]     |                                       ^^^
[INFO] [stdout] 
[INFO] [stdout] 
[INFO] [stdout] warning: use of deprecated macro `try`: use the `?` operator instead
[INFO] [stdout]    --> src/main.rs:205:13
[INFO] [stdout]     |
[INFO] [stdout] 205 |             try!(event_loop.register(
[INFO] [stdout]     |             ^^^
[INFO] [stdout] 
[INFO] [stdout] 
[INFO] [stderr] error: could not compile `mioecho`.
[INFO] [stdout] warning: trait objects without an explicit `dyn` are deprecated
[INFO] [stdout]    --> src/main.rs:154:15
[INFO] [stdout]     |
[INFO] [stdout] 154 |         try!(<Display>::fmt(&", ", fmt));
[INFO] [stdout]     |               ^^^^^^^ help: use `dyn`: `dyn Display`
[INFO] [stdout]     |
[INFO] [stdout]     = note: `#[warn(bare_trait_objects)]` on by default
[INFO] [stdout] 
[INFO] [stdout] 
[INFO] [stderr] 
[INFO] [stdout] warning: trait objects without an explicit `dyn` are deprecated
[INFO] [stdout]    --> src/main.rs:156:15
[INFO] [stdout]     |
[INFO] [stdout] 156 |         try!(<Display>::fmt(&", ", fmt));
[INFO] [stdout]     |               ^^^^^^^ help: use `dyn`: `dyn Display`
[INFO] [stdout] 
[INFO] [stdout] 
[INFO] [stderr] To learn more, run the command again with --verbose.
[INFO] [stderr] warning: build failed, waiting for other jobs to finish...
[INFO] [stdout] error: aborting due to 40 previous errors; 12 warnings emitted
[INFO] [stdout] 
[INFO] [stdout] 
[INFO] [stdout] Some errors have detailed explanations: E0405, E0412, E0432, E0433.
[INFO] [stdout] 
[INFO] [stdout] For more information about an error, try `rustc --explain E0405`.
[INFO] [stdout] 
[INFO] [stderr] error: build failed
[INFO] running `Command { std: "docker" "inspect" "4fa3f8cadd83e4ee81b737a68b790828b2073a9fa3581c6bb33700633839fef4", kill_on_drop: false }`
[INFO] running `Command { std: "docker" "rm" "-f" "4fa3f8cadd83e4ee81b737a68b790828b2073a9fa3581c6bb33700633839fef4", kill_on_drop: false }`
[INFO] [stdout] 4fa3f8cadd83e4ee81b737a68b790828b2073a9fa3581c6bb33700633839fef4
